rime factors of 162711525.
3, 5, 73, 113, 263
What are the prime factors of 297149744?
2, 18571859
List the prime factors of 4069711993.
541, 7522573
What are the prime factors of 128071256?
2, 181, 241, 367
What are the prime factors of 71102?
2, 73, 487
What are the prime factors of 33967773?
3, 7, 539171
List the prime factors of 541562658.
2, 3, 7, 13, 991873
List the prime factors of 21340373.
21340373
What are the prime factors of 230092282?
2, 7, 16435163
What are the prime factors of 5148290599?
12653, 406883
What are the prime factors of 121977927?
3, 4517701
List the prime factors of 2797160.
2, 5, 69929
What are the prime factors of 57785579?
3541, 16319
What are the prime factors of 887032223?
7, 11, 11519899
List the prime factors of 380530708.
2, 19, 5006983
What are the prime factors of 2834910554?
2, 7, 97, 2087563
List the prime factors of 383451843.
3, 797, 160373
What are the prime factors of 2798407430?
2, 5, 7, 13, 3075173
List the prime factors of 136642293.
3, 137, 110821
What are the prime factors of 155346181?
101, 1538081
What are the prime factors of 127175389?
11, 283, 40853
List the prime factors of 583741309.
583741309
What are the prime factors of 4570322688?
2, 3, 1983647
List the prime factors of 340955636.
2, 7, 12176987
List the prime factors of 50439860.
2, 5, 43, 89, 659
List the prime factors of 26182589.
19, 1378031
List the prime factors of 195715054.
2, 643, 152189
List the prime factors of 1047578.
2, 7, 74827
List the prime factors of 2555769432.
2, 3, 7607, 13999
What are the prime factors of 42298359?
3, 293, 48121
List the prime factors of 81109965.
3, 5, 5407331
List the prime factors of 1300223150.
2, 5, 26004463
List the prime factors of 20735541.
3, 181, 4243
List the prime factors of 40927005.
3, 5, 7, 23, 269
List the prime factors of 897224699.
7, 157, 816401
What are the prime factors of 1472035228?
2, 2897, 127031
List the prime factors of 643664672.
2, 7, 19, 151237
What are the prime factors of 5854725064?
2, 17, 43049449
List the prime factors of 1154249001.
3, 593, 72091
What are the prime factors of 6643133758?
2, 17, 11493311
List the prime factors of 14199294.
2, 3, 59, 40111
List the prime factors of 2440848820.
2, 5, 101, 1208341
List the prime factors of 123453049.
2053, 60133
List the prime factors of 34002926.
2, 37, 607, 757
What are the prime factors of 3376664123?
7, 3449, 139861
List the prime factors of 110316648.
2, 3, 13, 23, 15373
What are the prime factors of 1236214310?
2, 5, 43, 2874917
List the prime factors of 610805673.
3, 19, 73, 167, 293
List the prime factors of 471870118.
2, 71, 3323029
List the prime factors of 551308599.
3, 6806279
List the prime factors of 478009063.
7, 101, 96587
List the prime factors of 766202255.
5, 7, 13, 419, 4019
What are the prime factors of 294197297?
294197297
What are the prime factors of 37668929?
37668929
What are the prime factors of 289500904?
2, 7, 11, 469969
What are the prime factors of 577317395?
5, 115463479
What are the prime factors of 740525723?
7, 41, 563, 4583
What are the prime factors of 2388566313?
3, 7, 468071
List the prime factors of 449334848.
2, 53, 132469
What are the prime factors of 170279897?
67, 443, 5737
List the prime factors of 85635227.
53, 257, 6287
What are the prime factors of 5084507?
47, 251, 431
List the prime factors of 67486752.
2, 3, 31, 7559
What are the prime factors of 113945934?
2, 3, 17, 1117117
What are the prime factors of 198877693?
7, 19, 1495321
What are the prime factors of 2008266178?
2, 8209, 122321
List the prime factors of 266864244.
2, 3, 31, 41, 17497
What are the prime factors of 522325189?
37, 3593, 3929
What are the prime factors of 627263530?
2, 5, 19, 101, 32687
List the prime factors of 2243498117.
7, 31, 661, 15641
List the prime factors of 47697939.
3, 5299771
List the prime factors of 65760126.
2, 3, 997, 10993
List the prime factors of 1479697335.
3, 5, 199, 55079
List the prime factors of 21326438.
2, 7, 47, 32411
What are the prime factors of 9050588?
2, 89, 25423
List the prime factors of 2989665462.
2, 3, 7, 269, 264619
List the prime factors of 170371849.
170371849
List the prime factors of 81753939.
3, 9083771
What are the prime factors of 113919047?
11, 29, 181, 1973
What are the prime factors of 958613127?
3, 319537709
List the prime factors of 23376104.
2, 1481, 1973
What are the prime factors of 1513912618?
2, 41, 18462349
List the prime factors of 31169602.
2, 17, 223, 4111
List the prime factors of 1710818832.
2, 3, 35642059
What are the prime factors of 109272190?
2, 5, 10927219
List the prime factors of 399105550.
2, 5, 7982111
What are the prime factors of 663000324?
2, 3, 7, 157, 50273
What are the prime factors of 477150873?
3, 159050291
What are the prime factors of 91736993?
233, 393721
What are the prime factors of 1747724282?
2, 873862141
What are the prime factors of 30841703?
29, 563, 1889
What are the prime factors of 801562586?
2, 11, 5669, 6427
List the prime factors of 69676339.
197, 353687
List the prime factors of 11944807.
7, 103, 16567
List the prime factors of 48972650.
2, 5, 821, 1193
List the prime factors of 611558078.
2, 47, 6505937
List the prime factors of 822150373.
11, 74740943
List the prime factors of 246138823.
7, 181, 194269
What are the prime factors of 51464747?
51464747
List the prime factors of 347443768.
2, 7, 6204353
List the prime factors of 727850608.
2, 3457, 13159
What are the prime factors of 94173452?
2, 23543363
What are the prime factors of 42895275?
3, 5, 431, 1327
What are the prime factors of 3066153599?
661, 4638659
List the prime factors of 162735728.
2, 2729, 3727
List the prime factors of 870880036.
2, 13, 71, 139, 1697
List the prime factors of 173184402.
2, 3, 2143, 13469
List the prime factors of 16698875.
5, 103, 1297
List the prime factors of 204174605.
5, 83, 373, 1319
List the prime factors of 236122659.
3, 103, 179, 1423
What are the prime factors of 406423945?
5, 631, 128819
What are the prime factors of 71007280?
2, 5, 53, 16747
List the prime factors of 691893745.
5, 29, 103, 46327
List the prime factors of 2173939217.
2341, 928637
What are the prime factors of 3432960172?
2, 743, 1155101
What are the prime factors of 718694533?
17, 42276149
List the prime factors of 432453446.
2, 17, 2591, 4909
What are the prime factors of 1867237906?
2, 29, 32193757
List the prime factors of 79974396.
2, 3, 2221511
List the prime factors of 633805853.
43, 53, 71, 3917
What are the prime factors of 90084605?
5, 13, 19, 31, 181
List the prime factors of 49735792.
2, 3108487
What are the prime factors of 114141735?
3, 5, 2536483
What are the prime factors of 504815272?
2, 13, 17, 37, 7717
List the prime factors of 193223284.
2, 48305821
List the prime factors of 87758823.
3, 23, 47, 27061
List the prime factors of 516193017.
3, 172064339
List the prime factors of 201669676.
2, 13, 3878263
What are the prime factors of 47067914?
2, 1549, 15193
List the prime factors of 60408159.
3, 7, 2876579
What are the prime factors of 57447110?
2, 5, 7, 117239
List the prime factors of 387079562.
2, 17, 103, 107, 1033
What are the prime factors of 1601260728?
2, 3, 71, 939707
What are the prime factors of 91157445?
3, 5, 2025721
What are the prime factors of 92029307?
7853, 11719
What are the prime factors of 3074806799?
89, 34548391
What are the prime factors of 63835210?
2, 5, 6383521
What are the prime factors of 5322323682?
2, 3, 13, 37, 614729
List the prime factors of 932980383.
3, 17, 2032637
What are the prime factors of 692448921?
3, 29, 1493, 1777
List the prime factors of 4513882926.
2, 3, 7, 911, 117973
What are the prime factors of 309795305?
5, 197, 314513
List the prime factors of 83343789.
3, 23, 103, 1303
What are the prime factors of 16960659?
3, 1013, 5581
What are the prime factors of 1368442894?
2, 7, 13, 29, 37039
List the prime factors of 24827441.
97, 311, 823
What are the prime factors of 993409419?
3, 331136473
What are the prime factors of 174217839?
3, 3251, 17863
List the prime factors of 3534997502.
2, 127, 13917313
List the prime factors of 104342120.
2, 5, 107, 24379
What are the prime factors of 716479692?
2, 3, 37, 421, 3833
List the prime factors of 758423465.
5, 17, 43, 59, 3517
